{"id":130,"date":"2023-11-11T15:01:21","date_gmt":"2023-11-11T14:01:21","guid":{"rendered":"https:\/\/association-marie-ngafa.org\/?page_id=130"},"modified":"2024-03-21T17:54:28","modified_gmt":"2024-03-21T16:54:28","slug":"actions-et-le-realisations","status":"publish","type":"page","link":"https:\/\/association-marie-ngafa.org\/index.php\/actions-et-le-realisations\/","title":{"rendered":"NOS ACTIONS"},"content":{"rendered":"\n<p>&#8211;&nbsp;La scolarisation :<\/p>\n\n\n\n<p>&nbsp; &nbsp; &nbsp;Nous fournissons des bourses pour couvrir les frais de scolarit\u00e9, les fournitures scolaires et d&#8217;autres d\u00e9penses \u00e9ducatives essentielles. En \u00e9liminant les obstacles financiers, nous nous assurons que chaque fille a l&#8217;opportunit\u00e9 d&#8217;aller \u00e0 l&#8217;\u00e9cole et de lib\u00e9rer tout son potentiel.<\/p>\n\n\n\n<p>&#8211;&nbsp;Les services de mentorat et Conseil :<\/p>\n\n\n\n<p>&nbsp; &nbsp; &nbsp;&nbsp;Nous mettons en relation les filles avec des mentors exp\u00e9riment\u00e9s qui offrent des conseils, un soutien et une inspiration. Nos mentors jouent un r\u00f4le crucial pour habiliter les filles \u00e0 d\u00e9finir et atteindre leurs<\/p>\n\n\n\n<p>objectifs acad\u00e9miques et personnels.<\/p>\n\n\n\n<p>-L\u2019engagement Communautaire :<\/p>\n\n\n\n<p>&nbsp; &nbsp; &nbsp;&nbsp;Nous nous impliquons activement aupr\u00e8s des communaut\u00e9s locales pour sensibiliser \u00e0 l&#8217;importance de l&#8217;\u00e9ducation des filles. \u00c0 travers des ateliers, des s\u00e9minaires et des programmes de sensibilisation communautaire, nous plaidons en faveur d&#8217;opportunit\u00e9s \u00e9ducatives \u00e9quitables et remettons en question les normes soci\u00e9tales qui entravent l&#8217;acc\u00e8s des filles \u00e0 l&#8217;\u00e9ducation.<\/p>\n\n\n\n<p>&#8211;&nbsp;Les programmes de D\u00e9veloppement de Comp\u00e9tences :<\/p>\n\n\n\n<p>L\u2019AMN va au-del\u00e0 des \u00e9tudes acad\u00e9miques en proposant des programmes de d\u00e9veloppement de comp\u00e9tences. Nous croyons en l&#8217;\u00e9quipement des filles avec des comp\u00e9tences pratiques qui am\u00e9lioreront non seulement leur employabilit\u00e9 mais les habiliteront \u00e9galement \u00e0 contribuer de mani\u00e8re significative \u00e0 leurs communaut\u00e9s.<\/p>\n\n\n\n<figure class=\"wp-block-image size-large\"><img fetchpriority=\"high\" decoding=\"async\" width=\"1024\" height=\"768\" src=\"https:\/\/association-marie-ngafa.org\/wp-content\/uploads\/2024\/01\/img-20240111-wa00804841902213327990544-1024x768.jpg\" alt=\"\" class=\"wp-image-820\" srcset=\"https:\/\/association-marie-ngafa.org\/wp-content\/uploads\/2024\/01\/img-20240111-wa00804841902213327990544-1024x768.jpg 1024w, https:\/\/association-marie-ngafa.org\/wp-content\/uploads\/2024\/01\/img-20240111-wa00804841902213327990544-300x225.jpg 300w, https:\/\/association-marie-ngafa.org\/wp-content\/uploads\/2024\/01\/img-20240111-wa00804841902213327990544-768x576.jpg 768w, https:\/\/association-marie-ngafa.org\/wp-content\/uploads\/2024\/01\/img-20240111-wa00804841902213327990544.jpg 1280w\" sizes=\"(max-width: 1024px) 100vw, 1024px\" \/><\/figure>\n\n\n\n<figure class=\"wp-block-image size-large\"><img decoding=\"async\" width=\"485\" height=\"364\" src=\"https:\/\/association-marie-ngafa.org\/wp-content\/uploads\/2023\/12\/kk.jpg\" alt=\"\" class=\"wp-image-395\" srcset=\"https:\/\/association-marie-ngafa.org\/wp-content\/uploads\/2023\/12\/kk.jpg 485w, https:\/\/association-marie-ngafa.org\/wp-content\/uploads\/2023\/12\/kk-300x225.jpg 300w\" sizes=\"(max-width: 485px) 100vw, 485px\" \/><figcaption class=\"wp-element-caption\">Ensemble fournissons leurs le mat\u00e9riel scolaire <\/figcaption><\/figure>\n\n\n\n<figure class=\"wp-block-image size-large\"><img decoding=\"async\" width=\"466\" height=\"349\" src=\"https:\/\/association-marie-ngafa.org\/wp-content\/uploads\/2023\/12\/j-1.jpg\" alt=\"\" class=\"wp-image-400\" srcset=\"https:\/\/association-marie-ngafa.org\/wp-content\/uploads\/2023\/12\/j-1.jpg 466w, https:\/\/association-marie-ngafa.org\/wp-content\/uploads\/2023\/12\/j-1-300x225.jpg 300w\" sizes=\"(max-width: 466px) 100vw, 466px\" \/><\/figure>\n\n\n\n<figure class=\"wp-block-image\"><img loading=\"lazy\" decoding=\"async\" width=\"347\" height=\"267\" src=\"https:\/\/association-marie-ngafa.org\/wp-content\/uploads\/2023\/11\/p-1.jpg\" alt=\"\" class=\"wp-image-353\" srcset=\"https:\/\/association-marie-ngafa.org\/wp-content\/uploads\/2023\/11\/p-1.jpg 347w, https:\/\/association-marie-ngafa.org\/wp-content\/uploads\/2023\/11\/p-1-300x231.jpg 300w\" sizes=\"(max-width: 347px) 100vw, 347px\" \/><\/figure>\n\n\n\n<p>  .<\/p>\n\n\n\n<figure class=\"wp-block-image size-large\"><img loading=\"lazy\" decoding=\"async\" width=\"1024\" height=\"706\" src=\"https:\/\/association-marie-ngafa.org\/wp-content\/uploads\/2024\/01\/img-20230827-wa01117979064362393390009-1024x706.jpg\" alt=\"\" class=\"wp-image-853\" srcset=\"https:\/\/association-marie-ngafa.org\/wp-content\/uploads\/2024\/01\/img-20230827-wa01117979064362393390009-1024x706.jpg 1024w, https:\/\/association-marie-ngafa.org\/wp-content\/uploads\/2024\/01\/img-20230827-wa01117979064362393390009-300x207.jpg 300w, https:\/\/association-marie-ngafa.org\/wp-content\/uploads\/2024\/01\/img-20230827-wa01117979064362393390009-768x530.jpg 768w, https:\/\/association-marie-ngafa.org\/wp-content\/uploads\/2024\/01\/img-20230827-wa01117979064362393390009.jpg 1080w\" sizes=\"(max-width: 1024px) 100vw, 1024px\" \/><\/figure>\n\n\n\n<figure class=\"wp-block-image size-large\"><img loading=\"lazy\" decoding=\"async\" width=\"1024\" height=\"768\" src=\"https:\/\/association-marie-ngafa.org\/wp-content\/uploads\/2024\/01\/img-20230606-wa0010-14615470896637186150-1024x768.jpg\" alt=\"\" class=\"wp-image-870\" srcset=\"https:\/\/association-marie-ngafa.org\/wp-content\/uploads\/2024\/01\/img-20230606-wa0010-14615470896637186150-1024x768.jpg 1024w, https:\/\/association-marie-ngafa.org\/wp-content\/uploads\/2024\/01\/img-20230606-wa0010-14615470896637186150-300x225.jpg 300w, https:\/\/association-marie-ngafa.org\/wp-content\/uploads\/2024\/01\/img-20230606-wa0010-14615470896637186150-768x576.jpg 768w, https:\/\/association-marie-ngafa.org\/wp-content\/uploads\/2024\/01\/img-20230606-wa0010-14615470896637186150.jpg 1080w\" sizes=\"(max-width: 1024px) 100vw, 1024px\" \/><\/figure>\n\n\n\n<div class=\"wp-block-columns is-layout-flex wp-container-core-columns-is-layout-1 wp-block-columns-is-layout-flex\">\n<div class=\"wp-block-column is-layout-flow wp-block-column-is-layout-flow\" style=\"flex-basis:50%\"><\/div>\n\n\n\n<div class=\"wp-block-column is-layout-flow wp-block-column-is-layout-flow\" style=\"flex-basis:50%\"><\/div>\n<\/div>\n\n\n\n<figure class=\"wp-block-image size-large\"><img loading=\"lazy\" decoding=\"async\" width=\"1024\" height=\"768\" src=\"https:\/\/association-marie-ngafa.org\/wp-content\/uploads\/2024\/01\/img-20240111-wa00932359512845844729794-1024x768.jpg\" alt=\"\" class=\"wp-image-840\" srcset=\"https:\/\/association-marie-ngafa.org\/wp-content\/uploads\/2024\/01\/img-20240111-wa00932359512845844729794-1024x768.jpg 1024w, https:\/\/association-marie-ngafa.org\/wp-content\/uploads\/2024\/01\/img-20240111-wa00932359512845844729794-300x225.jpg 300w, https:\/\/association-marie-ngafa.org\/wp-content\/uploads\/2024\/01\/img-20240111-wa00932359512845844729794-768x576.jpg 768w, https:\/\/association-marie-ngafa.org\/wp-content\/uploads\/2024\/01\/img-20240111-wa00932359512845844729794.jpg 1280w\" sizes=\"(max-width: 1024px) 100vw, 1024px\" \/><\/figure>\n\n\n\n<figure class=\"wp-block-image size-large\"><img fetchpriority=\"high\" decoding=\"async\" width=\"1024\" height=\"768\" src=\"https:\/\/association-marie-ngafa.org\/wp-content\/uploads\/2024\/01\/img-20240111-wa00804841902213327990544-1024x768.jpg\" alt=\"\" class=\"wp-image-820\" srcset=\"https:\/\/association-marie-ngafa.org\/wp-content\/uploads\/2024\/01\/img-20240111-wa00804841902213327990544-1024x768.jpg 1024w, https:\/\/association-marie-ngafa.org\/wp-content\/uploads\/2024\/01\/img-20240111-wa00804841902213327990544-300x225.jpg 300w, https:\/\/association-marie-ngafa.org\/wp-content\/uploads\/2024\/01\/img-20240111-wa00804841902213327990544-768x576.jpg 768w, https:\/\/association-marie-ngafa.org\/wp-content\/uploads\/2024\/01\/img-20240111-wa00804841902213327990544.jpg 1280w\" sizes=\"(max-width: 1024px) 100vw, 1024px\" \/><\/figure>\n\n\n\n<figure class=\"wp-block-image\"><img loading=\"lazy\" decoding=\"async\" width=\"1024\" height=\"768\" src=\"https:\/\/association-marie-ngafa.org\/wp-content\/uploads\/2024\/01\/img-20240111-wa00812598271829788920894-1024x768.jpg\" alt=\"\" class=\"wp-image-822\" srcset=\"https:\/\/association-marie-ngafa.org\/wp-content\/uploads\/2024\/01\/img-20240111-wa00812598271829788920894-1024x768.jpg 1024w, https:\/\/association-marie-ngafa.org\/wp-content\/uploads\/2024\/01\/img-20240111-wa00812598271829788920894-300x225.jpg 300w, https:\/\/association-marie-ngafa.org\/wp-content\/uploads\/2024\/01\/img-20240111-wa00812598271829788920894-768x576.jpg 768w, https:\/\/association-marie-ngafa.org\/wp-content\/uploads\/2024\/01\/img-20240111-wa00812598271829788920894.jpg 1280w\" sizes=\"(max-width: 1024px) 100vw, 1024px\" \/><\/figure>\n\n\n\n<hr class=\"wp-block-separator has-alpha-channel-opacity\"\/>\n\n\n\n<div class=\"wp-block-media-text is-stacked-on-mobile\"><figure class=\"wp-block-media-text__media\"><\/figure><div class=\"wp-block-media-text__content\">\n<p><\/p>\n<\/div><\/div>\n\n\n\n<p><\/p>\n\n\n\n<figure class=\"wp-block-image size-large\"><img loading=\"lazy\" decoding=\"async\" width=\"1024\" height=\"768\" src=\"https:\/\/association-marie-ngafa.org\/wp-content\/uploads\/2024\/01\/img-20240111-wa00802257099440142905102-1024x768.jpg\" alt=\"\" class=\"wp-image-823\" srcset=\"https:\/\/association-marie-ngafa.org\/wp-content\/uploads\/2024\/01\/img-20240111-wa00802257099440142905102-1024x768.jpg 1024w, https:\/\/association-marie-ngafa.org\/wp-content\/uploads\/2024\/01\/img-20240111-wa00802257099440142905102-300x225.jpg 300w, https:\/\/association-marie-ngafa.org\/wp-content\/uploads\/2024\/01\/img-20240111-wa00802257099440142905102-768x576.jpg 768w, https:\/\/association-marie-ngafa.org\/wp-content\/uploads\/2024\/01\/img-20240111-wa00802257099440142905102.jpg 1280w\" sizes=\"(max-width: 1024px) 100vw, 1024px\" \/><\/figure>\n\n\n\n<figure class=\"wp-block-image size-large\"><img loading=\"lazy\" decoding=\"async\" width=\"768\" height=\"1024\" src=\"https:\/\/association-marie-ngafa.org\/wp-content\/uploads\/2024\/01\/img_20230624_173845_171@-6165446586154756851033660683-768x1024.jpg\" alt=\"\" class=\"wp-image-818\" srcset=\"https:\/\/association-marie-ngafa.org\/wp-content\/uploads\/2024\/01\/img_20230624_173845_171@-6165446586154756851033660683-768x1024.jpg 768w, https:\/\/association-marie-ngafa.org\/wp-content\/uploads\/2024\/01\/img_20230624_173845_171@-6165446586154756851033660683-225x300.jpg 225w, https:\/\/association-marie-ngafa.org\/wp-content\/uploads\/2024\/01\/img_20230624_173845_171@-6165446586154756851033660683-1152x1536.jpg 1152w, https:\/\/association-marie-ngafa.org\/wp-content\/uploads\/2024\/01\/img_20230624_173845_171@-6165446586154756851033660683.jpg 1500w\" sizes=\"(max-width: 768px) 100vw, 768px\" \/><figcaption class=\"wp-element-caption\">Aidez-nous \u00e0 sensibiliser le jeunes filles <\/figcaption><\/figure>\n\n\n\n<figure class=\"wp-block-image size-large\"><img loading=\"lazy\" decoding=\"async\" width=\"1024\" height=\"706\" src=\"https:\/\/association-marie-ngafa.org\/wp-content\/uploads\/2024\/01\/img-20230827-wa01117979064362393390009-1024x706.jpg\" alt=\"\" class=\"wp-image-853\" srcset=\"https:\/\/association-marie-ngafa.org\/wp-content\/uploads\/2024\/01\/img-20230827-wa01117979064362393390009-1024x706.jpg 1024w, https:\/\/association-marie-ngafa.org\/wp-content\/uploads\/2024\/01\/img-20230827-wa01117979064362393390009-300x207.jpg 300w, https:\/\/association-marie-ngafa.org\/wp-content\/uploads\/2024\/01\/img-20230827-wa01117979064362393390009-768x530.jpg 768w, https:\/\/association-marie-ngafa.org\/wp-content\/uploads\/2024\/01\/img-20230827-wa01117979064362393390009.jpg 1080w\" sizes=\"(max-width: 1024px) 100vw, 1024px\" \/><\/figure>\n\n\n\n<p><\/p>\n\n\n\n<figure class=\"wp-block-image size-large\"><img loading=\"lazy\" decoding=\"async\" width=\"1024\" height=\"768\" src=\"https:\/\/association-marie-ngafa.org\/wp-content\/uploads\/2024\/01\/img_20230408_161131_9423563153974161618335-1024x768.jpg\" alt=\"\" class=\"wp-image-847\" srcset=\"https:\/\/association-marie-ngafa.org\/wp-content\/uploads\/2024\/01\/img_20230408_161131_9423563153974161618335-1024x768.jpg 1024w, https:\/\/association-marie-ngafa.org\/wp-content\/uploads\/2024\/01\/img_20230408_161131_9423563153974161618335-300x225.jpg 300w, https:\/\/association-marie-ngafa.org\/wp-content\/uploads\/2024\/01\/img_20230408_161131_9423563153974161618335-768x576.jpg 768w, https:\/\/association-marie-ngafa.org\/wp-content\/uploads\/2024\/01\/img_20230408_161131_9423563153974161618335-1536x1152.jpg 1536w, https:\/\/association-marie-ngafa.org\/wp-content\/uploads\/2024\/01\/img_20230408_161131_9423563153974161618335.jpg 2000w\" sizes=\"(max-width: 1024px) 100vw, 1024px\" \/><figcaption class=\"wp-element-caption\">Distributeur des denr\u00e9es alimentaires <\/figcaption><\/figure>\n\n\n\n<figure class=\"wp-block-gallery has-nested-images columns-default is-cropped wp-block-gallery-1 is-layout-flex wp-block-gallery-is-layout-flex\"><\/figure>\n\n\n\n<figure class=\"wp-block-gallery has-nested-images columns-default is-cropped wp-block-gallery-2 is-layout-flex wp-block-gallery-is-layout-flex\"><\/figure>\n","protected":false},"excerpt":{"rendered":"<p>&#8211;&nbsp;La scolarisation : &nbsp; &nbsp; &nbsp;Nous fournissons des bourses pour couvrir les frais de scolarit\u00e9, les fournitures scolaires et d&#8217;autres d\u00e9penses \u00e9ducatives essentielles. En \u00e9liminant les obstacles financiers, nous nous assurons que chaque fille a l&#8217;opportunit\u00e9 d&#8217;aller \u00e0 l&#8217;\u00e9cole et de lib\u00e9rer tout son potentiel. &#8211;&nbsp;Les services de mentorat et Conseil : &nbsp; &nbsp; &nbsp;&nbsp;Nous [&hellip;]<\/p>\n","protected":false},"author":1,"featured_media":0,"parent":0,"menu_order":0,"comment_status":"closed","ping_status":"closed","template":"","meta":{"footnotes":""},"_links":{"self":[{"href":"https:\/\/association-marie-ngafa.org\/index.php\/wp-json\/wp\/v2\/pages\/130"}],"collection":[{"href":"https:\/\/association-marie-ngafa.org\/index.php\/wp-json\/wp\/v2\/pages"}],"about":[{"href":"https:\/\/association-marie-ngafa.org\/index.php\/wp-json\/wp\/v2\/types\/page"}],"author":[{"embeddable":true,"href":"https:\/\/association-marie-ngafa.org\/index.php\/wp-json\/wp\/v2\/users\/1"}],"replies":[{"embeddable":true,"href":"https:\/\/association-marie-ngafa.org\/index.php\/wp-json\/wp\/v2\/comments?post=130"}],"version-history":[{"count":42,"href":"https:\/\/association-marie-ngafa.org\/index.php\/wp-json\/wp\/v2\/pages\/130\/revisions"}],"predecessor-version":[{"id":1128,"href":"https:\/\/association-marie-ngafa.org\/index.php\/wp-json\/wp\/v2\/pages\/130\/revisions\/1128"}],"wp:attachment":[{"href":"https:\/\/association-marie-ngafa.org\/index.php\/wp-json\/wp\/v2\/media?parent=130"}],"curies":[{"name":"wp","href":"https:\/\/api.w.org\/{rel}","templated":true}]}}