{"id":1070,"date":"2024-03-20T15:53:41","date_gmt":"2024-03-20T14:53:41","guid":{"rendered":"https:\/\/association-marie-ngafa.org\/?page_id=1070"},"modified":"2024-03-20T15:54:25","modified_gmt":"2024-03-20T14:54:25","slug":"faq","status":"publish","type":"page","link":"https:\/\/association-marie-ngafa.org\/index.php\/faq\/","title":{"rendered":"FAQ"},"content":{"rendered":"\n<p>FAQ (Foires aux questions) pour l&#8217;Association \u00e0 but non lucratif MARIE NGAFA (AMN)<\/p>\n\n\n\n<ol>\n<li>Qu&#8217;est-ce que l&#8217;Association MARIE NGAFA (AMN) ?<br \/>L&#8217;Association MARIE NGAFA (AMN) est une organisation \u00e0 but non lucratif d\u00e9di\u00e9e \u00e0 l&#8217;autonomisation des jeunes filles et des femmes d\u00e9favoris\u00e9es au Cameroun. Notre mission est d&#8217;aider ces filles \u00e0 acc\u00e9der \u00e0 l&#8217;\u00e9ducation, \u00e0 l&#8217;autonomisation et au d\u00e9veloppement personnel.<\/li>\n\n\n\n<li>Quels sont les objectifs de l&#8217;Association MARIE NGAFA (AMN) ?<br \/>Les objectifs de notre association comprennent l&#8217;\u00e9limination des obstacles \u00e0 l&#8217;\u00e9ducation des jeunes filles, la fourniture de mat\u00e9riel scolaire, le soutien financier pour les frais d&#8217;\u00e9ducation, et la promotion de l&#8217;autonomie et du d\u00e9veloppement des femmes.<\/li>\n\n\n\n<li>Comment puis-je soutenir l&#8217;Association MARIE NGAFA (AMN) ?<br \/>Vous pouvez soutenir notre association de diverses mani\u00e8res, notamment en faisant un don financier, en faisant don de mat\u00e9riel scolaire, en parrainant une fille pour son \u00e9ducation, ou en devenant b\u00e9n\u00e9vole dans nos projets.<\/li>\n\n\n\n<li>Comment puis-je faire un don \u00e0 l&#8217;Association MARIE NGAFA (AMN) ?<br \/>Pour faire un don \u00e0 notre association, vous pouvez visiter notre site web et acc\u00e9der \u00e0 la section &#8220;Faire un don&#8221;. Vous trouverez des informations sur les diff\u00e9rentes fa\u00e7ons de contribuer financi\u00e8rement \u00e0 nos projets.<\/li>\n\n\n\n<li>Comment puis-je devenir b\u00e9n\u00e9vole pour l&#8217;Association MARIE NGAFA (AMN) ?<br \/>Si vous souhaitez devenir b\u00e9n\u00e9vole dans nos projets, veuillez nous contacter via notre site web ou par e-mail. Nous vous fournirons des informations sur les opportunit\u00e9s de b\u00e9n\u00e9volat disponibles et sur la mani\u00e8re de vous impliquer.<\/li>\n\n\n\n<li>Comment puis-je contacter l&#8217;Association MARIE NGAFA (AMN) pour obtenir plus d&#8217;informations ?<br \/>Pour toute question ou demande d&#8217;information suppl\u00e9mentaire, vous pouvez nous contacter via notre site web en utilisant le formulaire de contact, ou par e-mail \u00e0 l&#8217;adresse indiqu\u00e9e sur notre site. Nous nous efforcerons de vous r\u00e9pondre dans les meilleurs d\u00e9lais.<\/li>\n<\/ol>\n\n\n\n<p>N&#8217;h\u00e9sitez pas \u00e0 consulter notre site web pour plus d&#8217;informations sur nos activit\u00e9s et sur la fa\u00e7on dont vous pouvez contribuer \u00e0 notre cause. Merci pour votre int\u00e9r\u00eat et votre soutien envers l&#8217;Association MARIE NGAFA (AMN)!<\/p>\n\n\n\n<p><\/p>\n\n\n\n<figure class=\"wp-block-image size-large\"><img fetchpriority=\"high\" decoding=\"async\" width=\"500\" height=\"500\" src=\"https:\/\/association-marie-ngafa.org\/wp-content\/uploads\/2024\/03\/img_5514-1.jpg\" alt=\"\" class=\"wp-image-1050\" srcset=\"https:\/\/association-marie-ngafa.org\/wp-content\/uploads\/2024\/03\/img_5514-1.jpg 500w, https:\/\/association-marie-ngafa.org\/wp-content\/uploads\/2024\/03\/img_5514-1-300x300.jpg 300w, https:\/\/association-marie-ngafa.org\/wp-content\/uploads\/2024\/03\/img_5514-1-150x150.jpg 150w\" sizes=\"(max-width: 500px) 100vw, 500px\" \/><\/figure>\n\n\n\n<h2 class=\"wp-block-heading has-black-color has-text-color\"><\/h2>\n\n\n\n<div class=\"wp-block-cover\"><span aria-hidden=\"true\" class=\"wp-block-cover__background has-black-background-color has-background-dim\"><\/span><div class=\"wp-block-cover__inner-container is-layout-constrained wp-block-cover-is-layout-constrained\">\n<p class=\"has-text-align-center\"><\/p>\n\n\n\n<ul class=\"wp-block-social-links is-layout-flex wp-block-social-links-is-layout-flex\"><li class=\"wp-social-link wp-social-link-wordpress  wp-block-social-link\"><a href=\"https:\/\/wordpress.org\" class=\"wp-block-social-link-anchor\"><svg width=\"24\" height=\"24\" viewBox=\"0 0 24 24\" version=\"1.1\" xmlns=\"http:\/\/www.w3.org\/2000\/svg\" aria-hidden=\"true\" focusable=\"false\"><path d=\"M12.158,12.786L9.46,20.625c0.806,0.237,1.657,0.366,2.54,0.366c1.047,0,2.051-0.181,2.986-0.51 c-0.024-0.038-0.046-0.079-0.065-0.124L12.158,12.786z M3.009,12c0,3.559,2.068,6.634,5.067,8.092L3.788,8.341 C3.289,9.459,3.009,10.696,3.009,12z M18.069,11.546c0-1.112-0.399-1.881-0.741-2.48c-0.456-0.741-0.883-1.368-0.883-2.109 c0-0.826,0.627-1.596,1.51-1.596c0.04,0,0.078,0.005,0.116,0.007C16.472,3.904,14.34,3.009,12,3.009 c-3.141,0-5.904,1.612-7.512,4.052c0.211,0.007,0.41,0.011,0.579,0.011c0.94,0,2.396-0.114,2.396-0.114 C7.947,6.93,8.004,7.642,7.52,7.699c0,0-0.487,0.057-1.029,0.085l3.274,9.739l1.968-5.901l-1.401-3.838 C9.848,7.756,9.389,7.699,9.389,7.699C8.904,7.67,8.961,6.93,9.446,6.958c0,0,1.484,0.114,2.368,0.114 c0.94,0,2.397-0.114,2.397-0.114c0.485-0.028,0.542,0.684,0.057,0.741c0,0-0.488,0.057-1.029,0.085l3.249,9.665l0.897-2.996 C17.841,13.284,18.069,12.316,18.069,11.546z M19.889,7.686c0.039,0.286,0.06,0.593,0.06,0.924c0,0.912-0.171,1.938-0.684,3.22 l-2.746,7.94c2.673-1.558,4.47-4.454,4.47-7.771C20.991,10.436,20.591,8.967,19.889,7.686z M12,22C6.486,22,2,17.514,2,12 C2,6.486,6.486,2,12,2c5.514,0,10,4.486,10,10C22,17.514,17.514,22,12,22z\"><\/path><\/svg><span class=\"wp-block-social-link-label screen-reader-text\">WordPress<\/span><\/a><\/li>\n\n<li class=\"wp-social-link wp-social-link-facebook  wp-block-social-link\"><a href=\"https:\/\/www.facebook.com\/profile.php?id=61554214021145&#038;mibextid=LQQJ4d\" class=\"wp-block-social-link-anchor\"><svg width=\"24\" height=\"24\" viewBox=\"0 0 24 24\" version=\"1.1\" xmlns=\"http:\/\/www.w3.org\/2000\/svg\" aria-hidden=\"true\" focusable=\"false\"><path d=\"M12 2C6.5 2 2 6.5 2 12c0 5 3.7 9.1 8.4 9.9v-7H7.9V12h2.5V9.8c0-2.5 1.5-3.9 3.8-3.9 1.1 0 2.2.2 2.2.2v2.5h-1.3c-1.2 0-1.6.8-1.6 1.6V12h2.8l-.4 2.9h-2.3v7C18.3 21.1 22 17 22 12c0-5.5-4.5-10-10-10z\"><\/path><\/svg><span class=\"wp-block-social-link-label screen-reader-text\"><\/span><\/a><\/li>\n\n\n\n<li class=\"wp-social-link wp-social-link-instagram  wp-block-social-link\"><a href=\"https:\/\/www.facebook.com\/profile.php?id=61554214021145&#038;mibextid=LQQJ4d\" class=\"wp-block-social-link-anchor\"><svg width=\"24\" height=\"24\" viewBox=\"0 0 24 24\" version=\"1.1\" xmlns=\"http:\/\/www.w3.org\/2000\/svg\" aria-hidden=\"true\" focusable=\"false\"><path d=\"M12,4.622c2.403,0,2.688,0.009,3.637,0.052c0.877,0.04,1.354,0.187,1.671,0.31c0.42,0.163,0.72,0.358,1.035,0.673 c0.315,0.315,0.51,0.615,0.673,1.035c0.123,0.317,0.27,0.794,0.31,1.671c0.043,0.949,0.052,1.234,0.052,3.637 s-0.009,2.688-0.052,3.637c-0.04,0.877-0.187,1.354-0.31,1.671c-0.163,0.42-0.358,0.72-0.673,1.035 c-0.315,0.315-0.615,0.51-1.035,0.673c-0.317,0.123-0.794,0.27-1.671,0.31c-0.949,0.043-1.233,0.052-3.637,0.052 s-2.688-0.009-3.637-0.052c-0.877-0.04-1.354-0.187-1.671-0.31c-0.42-0.163-0.72-0.358-1.035-0.673 c-0.315-0.315-0.51-0.615-0.673-1.035c-0.123-0.317-0.27-0.794-0.31-1.671C4.631,14.688,4.622,14.403,4.622,12 s0.009-2.688,0.052-3.637c0.04-0.877,0.187-1.354,0.31-1.671c0.163-0.42,0.358-0.72,0.673-1.035 c0.315-0.315,0.615-0.51,1.035-0.673c0.317-0.123,0.794-0.27,1.671-0.31C9.312,4.631,9.597,4.622,12,4.622 M12,3 C9.556,3,9.249,3.01,8.289,3.054C7.331,3.098,6.677,3.25,6.105,3.472C5.513,3.702,5.011,4.01,4.511,4.511 c-0.5,0.5-0.808,1.002-1.038,1.594C3.25,6.677,3.098,7.331,3.054,8.289C3.01,9.249,3,9.556,3,12c0,2.444,0.01,2.751,0.054,3.711 c0.044,0.958,0.196,1.612,0.418,2.185c0.23,0.592,0.538,1.094,1.038,1.594c0.5,0.5,1.002,0.808,1.594,1.038 c0.572,0.222,1.227,0.375,2.185,0.418C9.249,20.99,9.556,21,12,21s2.751-0.01,3.711-0.054c0.958-0.044,1.612-0.196,2.185-0.418 c0.592-0.23,1.094-0.538,1.594-1.038c0.5-0.5,0.808-1.002,1.038-1.594c0.222-0.572,0.375-1.227,0.418-2.185 C20.99,14.751,21,14.444,21,12s-0.01-2.751-0.054-3.711c-0.044-0.958-0.196-1.612-0.418-2.185c-0.23-0.592-0.538-1.094-1.038-1.594 c-0.5-0.5-1.002-0.808-1.594-1.038c-0.572-0.222-1.227-0.375-2.185-0.418C14.751,3.01,14.444,3,12,3L12,3z M12,7.378 c-2.552,0-4.622,2.069-4.622,4.622S9.448,16.622,12,16.622s4.622-2.069,4.622-4.622S14.552,7.378,12,7.378z M12,15 c-1.657,0-3-1.343-3-3s1.343-3,3-3s3,1.343,3,3S13.657,15,12,15z M16.804,6.116c-0.596,0-1.08,0.484-1.08,1.08 s0.484,1.08,1.08,1.08c0.596,0,1.08-0.484,1.08-1.08S17.401,6.116,16.804,6.116z\"><\/path><\/svg><span class=\"wp-block-social-link-label screen-reader-text\"><\/span><\/a><\/li><\/ul>\n\n\n<form role=\"search\" method=\"get\" action=\"https:\/\/association-marie-ngafa.org\/\" class=\"wp-block-search__button-outside wp-block-search__text-button wp-block-search\"    ><label class=\"wp-block-search__label\" for=\"wp-block-search__input-1\" >Recherche<\/label><div class=\"wp-block-search__inside-wrapper \" ><input class=\"wp-block-search__input\" id=\"wp-block-search__input-1\" placeholder=\"\" value=\"\" type=\"search\" name=\"s\" required \/><button aria-label=\"Recherche\" class=\"wp-block-search__button has-background has-luminous-vivid-orange-background-color wp-element-button\" type=\"submit\" >Recherche<\/button><\/div><\/form>\n\n<\/div><\/div>\n\n\n\n<p><\/p>\n","protected":false},"excerpt":{"rendered":"<p>FAQ (Foires aux questions) pour l&#8217;Association \u00e0 but non lucratif MARIE NGAFA (AMN) N&#8217;h\u00e9sitez pas \u00e0 consulter notre site web pour plus d&#8217;informations sur nos activit\u00e9s et sur la fa\u00e7on dont vous pouvez contribuer \u00e0 notre cause. Merci pour votre int\u00e9r\u00eat et votre soutien envers l&#8217;Association MARIE NGAFA (AMN)!<\/p>\n","protected":false},"author":1,"featured_media":0,"parent":0,"menu_order":0,"comment_status":"closed","ping_status":"closed","template":"","meta":{"footnotes":""},"_links":{"self":[{"href":"https:\/\/association-marie-ngafa.org\/index.php\/wp-json\/wp\/v2\/pages\/1070"}],"collection":[{"href":"https:\/\/association-marie-ngafa.org\/index.php\/wp-json\/wp\/v2\/pages"}],"about":[{"href":"https:\/\/association-marie-ngafa.org\/index.php\/wp-json\/wp\/v2\/types\/page"}],"author":[{"embeddable":true,"href":"https:\/\/association-marie-ngafa.org\/index.php\/wp-json\/wp\/v2\/users\/1"}],"replies":[{"embeddable":true,"href":"https:\/\/association-marie-ngafa.org\/index.php\/wp-json\/wp\/v2\/comments?post=1070"}],"version-history":[{"count":1,"href":"https:\/\/association-marie-ngafa.org\/index.php\/wp-json\/wp\/v2\/pages\/1070\/revisions"}],"predecessor-version":[{"id":1071,"href":"https:\/\/association-marie-ngafa.org\/index.php\/wp-json\/wp\/v2\/pages\/1070\/revisions\/1071"}],"wp:attachment":[{"href":"https:\/\/association-marie-ngafa.org\/index.php\/wp-json\/wp\/v2\/media?parent=1070"}],"curies":[{"name":"wp","href":"https:\/\/api.w.org\/{rel}","templated":true}]}}